 - 3*u**2/2 - 2*u. Give g(k).
5
Let n(m) be the third derivative of -m**4/24 - 25*m**2. Give n(-5).
5
Let m(i) = i**2 + 2. Let t be -4*(2 - (-10)/(-4)). Suppose t*k + 4 = -0*k. Calculate m(k).
6
Let i(u) = 7*u**2 - 19*u - 10. Let c(g) = 4*g**2 - 10*g - 5. Let r(n) = -5*c(n) + 3*i(n). Give r(8).
3
Let u(x) = -x + 1. Suppose 4*l - 30 = l. Let i be 2/5 + 56/l. What is u(i)?
-5
Let r(w) be the first derivative of -w**6/120 - w**5/40 - w**4/8 - w**3 - 2. Let g(z) be the third derivative of r(z). Calculate g(-2).
-9
Let z(i) = -i**2 + i - 8. Suppose -3*k = -w + 5, -w = -3*k + 4*k - 1. Suppose 0 = w*u - u. Calculate z(u).
-8
Let o(z) = -z**2 - 4*z - 4. Let i(m) = -m - 3. Let f be i(0). What is o(f)?
-1
Let r(t) = 2*t + t + 2 - 2*t. Suppose -39 = -3*g - 4*k, 3*g - 4*k - 1 = 14. Suppose 2*z = 5*z + g. Determine r(z).
-1
Let p(g) = g**3 + 4*g**2 + 2*g. Let c = 1 + -172. Let b be 2/(6/c*-3). Suppose -3*d + 5*i + b = 0, -2*d + 3*i - 24 = 7*i. Calculate p(d).
4
Suppose 0 = -10*l + 12*l + 10. Let g(o) = -o**2 - 4*o + 6. Give g(l).
1
Let p(b) = 3*b + 9. Let v(n) = 4*n + 10. Let r(g) = -3*p(g) + 2*v(g). What is r(-6)?
-1
Suppose -2*y - 9 = 3*o + y, o + 23 = -5*y. Suppose -o*b + 65 = 3*b. Let k = 8 - b. Let f(q) = q - 2. Determine f(k).
-7
Let o(t) be the first derivative of 2*t**2 - 3*t - 1. Calculate o(5).
17
Let y(g) be the second derivative of -g**4/24 + 5*g**3/6 + g**2/2 + g. Let i(t) be the first derivative of y(t). Determine i(0).
5
Let s(u) be the third derivative of -u**6/120 + 3*u**3/2 - 2*u**2. Give s(0).
9
Let m(c) be the second derivative of -c**5/4 - c**4/12 + c**3/3 - c**2/2 - 42*c. Calculate m(1).
-5
Let h(s) be the first derivative of -s**5/120 + s**3 - 3. Let d(a) be the third derivative of h(a). What is d(1)?
-1
Let c = -6 + 8. Suppose 2 = -m + c*m. Let h(k) = -6*k + 0*k**2 + 3 + 0*k + k**m. Give h(3).
-6
Let t(r) be the third derivative of r**5/60 - r**4/4 - 7*r**3/6 + r**2. Let g = -19 + 25. Determine t(g).
-7
Let p = 15 + -8. Let v(r) = -r**3 + 8*r**2 - 6*r - 5. Let x be v(p). Let z(a) = 4*a - 1. Determine z(x).
7
Let j(o) = -o. Let y(f) = 7 + f**3 + 5*f - 13*f + 7*f - 5*f**2. Let q be y(5). Calculate j(q).
-2
Suppose 0*t - 4 = 4*t. Let p = t - 1. Let m(g) = 0*g - 2*g - 2*g**2 - 1 + 0. Determine m(p).
-5
Let r(n) = -2*n**3 + 7*n**2 + 2*n + 10. Let l(t) = 3*t**3 - 10*t**2 - 3*t - 15. Let h(f) = -5*l(f) - 7*r(f). Let k = 37 + -37. Calculate h(k).
5
Let w(d) = 4*d**2 - 2*d - 3. Let s(f) = -5*f**2 + 3*f + 4. Let u(i) = 3*s(i) + 4*w(i). What is u(-1)?
0
Let b be 1/(-1)*15/(-3). Let v(f) = -2*f - 2. Let p be v(-1). Let u(t) = 4 + p + t - b. Determine u(0).
-1
Suppose 5*t - i - 3 = 0, -t - 2*t = -3*i + 3. Let b = 0 + t. Let z(d) = 6*d. Determine z(b).
6
Suppose 0*d + 5*j = 3*d - 64, 5*j = -10. Suppose -5*h + 20 = r, 0 = -h - 3*r - 0*r + d. Let c(q) = 2*q + 1. Give c(h).
7
Let h(b) = 2*b**3 - b**2 + b - 1. Let n be 1 - 4/8*0. What is h(n)?
1
Let b(u) = -u**2 + 4*u - 4. Let z be (-1 + (-4)/(-6))*-3. Let j = z + 2. Let x be b(j). Let i(k) = 9*k**2 - 1. Calculate i(x).
8
Let p(b) = 2*b**2 - 21*b + 15. Let t = 21 - 17. Let o(c) = -c**2 + 11*c - 8. Let z(a) = t*p(a) + 7*o(a). Give z(3).
-8
Let a(k) = k**3 - 5*k**2 - 6*k + 9. Let w be (-28)/(-12)*(1 - -2). Let y(o) = o - 1. Let x be y(w). Determine a(x).
9
Let c(q) = -q**3 + 2*q - 1. Let g be c(1). Let n(z) = z + 4. What is n(g)?
4
Let r(h) be the third derivative of -h**6/120 - h**5/12 + 7*h**4/24 + h**3 + 17*h**2. Give r(-6).
0
Let c = 1 + -1. Suppose c = 2*t + 2 - 0. Let u be 6 + -7 - (-1 - t). Let p(y) = -4*y. Calculate p(u).
4
Let w(u) = 2*u + 2*u**2 + 14 - 4*u**2 - 15. Give w(3).
-13
Let y(i) = -i**3 - 6*i**2 - 5*i + 2. Let t be y(-5). Suppose -6 - t = -f. Let k(c) = -7 - 6 + 2*c + f. Calculate k(5).
5
Suppose -3*t - 2 = 2*a, -4*a - 1 = 5*t + 1. Let y(m) be the second derivative of -m**4/6 - m**3/3 + m**2/2 + 12*m. What is y(t)?
-3
Let u(c) = -c**2 + 8*c - 7. Let z be u(8). Let a(v) = -v**2 - 9*v + 3. Give a(z).
17
Let y = 0 - -3. Let k(w) be the first derivative of 1/2*w**2 + 10*w - 2 + 1/3*w**y. Give k(0).
10
Let j(l) = l**3 + 2 - 2*l**2 - l + 12*l**2 - 6*l**2. Determine j(-4).
6
Let d(f) = f**2 - 14*f + 13. Suppose -2*o = -6, 3*o = -4*a + 4*o + 49. Give d(a).
0
Let d(b) = -b**3 - 3*b**2 + 4*b + 6. Suppose n + 8 = -n. Let c be n/(-10) + (-22)/5. What is d(c)?
6
Let v(i) = 3*i**2 - 2*i - 1. Let g(k) = k**3 - k - 1. Let s(c) = -g(c) + v(c). What is s(3)?
-3
Let v(q) be the first derivative of -q**3/3 + 5*q**2/2 - 5*q + 6. Determine v(4).
-1
Suppose 2*i - 6 = 2*p, 4*p - 3 = -5*i + 5*p. Suppose 17 = 4*b + 5*l, i = -b + l - 2 - 5. Let k(m) = m**3 - m. Determine k(b).
-6
Let k(i) be the third derivative of -i**5/60 - i**4/3 - 4*i**3/3 - 8*i**2. Determine k(-6).
4
Let k(w) = -3 + 6 - 5*w + 0. What is k(3)?
-12
Let o(i) be the second derivative of -i**5/20 - i**4/3 - 2*i**3/3 - i**2/2 + 4*i. Let c be 8/28 - 69/21. What is o(c)?
2
Suppose 17 = w - 4*x - 3, -x + 12 = 4*w. Let n = 8 - w. Let j(y) = 4*y**2 - 8*y**2 + 79 + y**3 - 73 - 3*y + y. Calculate j(n).
-2
Let b(o) = -o**2 - 6*o - 3. Suppose -3*l - 55 = -145. Suppose -4*d = 2*k + l, -5*d - 4*k = -2*k + 36. Determine b(d).
-3
Let y(g) = g**3 + g**2 + 2*g. Suppose -i - 20 = 2*j, -3*j + 4*i + 24 = -4*j. Let b = -10 - j. Determine y(b).
-8
Let a(g) = -g**3 + 4*g**2 - 2*g - 3. Let c be a(3). Let k be c + 5 + 4/4. Let s(p) = p**2 - 8*p + 6. Calculate s(k).
-6
Let q(k) = k + 0*k + 10 - 9. Calculate q(1).
2
Let k(p) = 3 - 10 + p + 0*p + 0*p. Determine k(6).
-1
Let z(d) = -d**3 + d**2 + 3*d + 1. Let x be z(-2). Let n be -3 + x + -1 + -1. Let t(m) = -4*m - 2 - 2*m**2 + n*m + 6*m. Give t(2).
-2
Let b(t) = 6*t - 6. Let g be b(1). Let r(z) = -z**2 + z - 8. Calculate r(g).
-8
Suppose -d = 2*d + 24. Let o = d + 3. Let p(v) = -v**3 - 10*v + 4. Let c(j) = -j**2 + j. Let x(y) = -6*c(y) - p(y). What is x(o)?
1
Let k(v) = -2*v - 1. Let b(j) = 2*j + 1. Let p(l) = -6*b(l) - 5*k(l). What is p(-6)?
11
Let j(i) = -3*i**2 + 0*i**2 + 2 - 3*i + 5*i**2. Suppose -3*n + 4*z + 22 = 0, -z = z + 8. Calculate j(n).
4
Let m(f) = -11*f**2 - 5*f - 4. Let d be m(-1). Let b(w) = w**2 + 11*w - 5. What is b(d)?
-15
Let t(c) = 15*c + 28*c + 1 - 2 - 49*c. Determine t(2).
-13
Let z(j) = j**3 + 7*j**2 + 8*j - 3. Let u(l) = l**2 + 5*l. Let b be u(-3). Determine z(b).
-15
Let k(d) = d**2 + 5*d + 6. Suppose -27 = 2*n + 3*s, 2*n + 4*s = 2*s - 22. Give k(n).
12
Let c(a) = 4*a**3 - a - a**2 + 0*a**3 + 2*a**3 + 0*a**2. Give c(-1).
-6
Let w(r) = -2*r**2 - 3*r. Let f(b) = 4*b - 1. Let q(m) = 11*m - 4. Let x(s) = 8*f(s) - 3*q(s). Let y be x(6). What is w(y)?
-2
Suppose 8*w - w = 35. Let r(g) be the third derivative of -g**6/120 + g**5/12 - g**4/24 + g**3/6 + g**2. Give r(w).
-4
Let v(b) = -2*b + 1. Let s(t) = 11*t - 15. Let f(k) = -s(k) - 5*v(k). Determine f(6).
4
Let m(y) = -y + 6*y - 3 - 3*y. Give m(4).
5
Let o(j) = -j**3 - j - 4. Suppose 4 = -23*b + 4. Give o(b).
-4
Let y(g) = -2*g - 3. Let b(p) = p**2 - 7*p - 13. Let d be b(9). Suppose 0 = -d*s - 3*j + 53, -2*s = -0*s - 3*j - 17. Suppose -z + s = -3*z. Give y(z).
7
Let a(j) be the first derivative of -j**4/4 + 5*j**3/3 - j**2 + 6*j - 7. Give a(5).
-4
Let w(j) be the second derivative of -j**3 + j**2/2 - 4*j. Calculate w(-2).
13
Let v(g) be the second derivative of -g**4/6 - g**3/3 + g**2/2 + 12*g. What is v(-2)?
-3
Let g(l) = -2 - 3*l**2 + 3*l + l**2 + 2*l**3 + 0*l**3. Let z(d) = d**2 - 7*d + 2. Suppose 30 = 3*h + 3*x, -h = -0*h + 2*x - 13. Let c be z(h). Give g(c).
12
Let v be ((-9)/6)/((-3)/(-2)). Let t(a) = a**2 + 2*a. Give t(v).
-1
Let c = 3 + -7. Suppose 5*s = 25, 45 = 4*a + 2*s + 3*s. Let b = c + a. Let y(l) = 7*l**2 - 1. Give y(b).
6
Suppose -4*z + 11*z = 14. Let d(n) = 2*n**2 - 4*n + 3. Calculate d(z).
3
Let o(q) be the first derivative of q**2/2 + 6*q - 235. Let w(u) = 5*u**3 - u**2 - u - 1. Let z be w(-1). Determine o(z).
0
Let k(n) = -3*n**3 - 4*n**2 - 4*n - 1. Let x(v) = -13*v**3 - 17*v**2 - 17*v - 4. Let f(s) = 9*k(s) - 2*x(s). Give f(-1).
0
Let u(n) = 2*n. Let c(k) = k**3 + 3*k**2 + 4*k + 3. Suppose -d - 4*d - 10 = 0. Let b be c(d). Let r be u(b). Let x(j) = -5*j - 1. What is x(r)?
9
Suppose -24 = 3*u - 6. Let t = 10 + u. Suppose -t*c + 2*c + 10 = 0. Let n(p) = p**2 - 6*p + 7. Calculate n(c).
2
Let f be (-2 - 1)/1 - (-1 + 2). Let m(j